164746 and 7752?
1938
Calculate the highest common divisor of 70857946 and 1658.
1658
What is the greatest common divisor of 1556 and 38770852?
1556
Calculate the greatest common divisor of 3 and 49932543.
3
What is the highest common divisor of 54629313 and 16473?
969
What is the greatest common factor of 18417 and 105987?
21
What is the highest common factor of 11442393 and 152586?
1557
What is the greatest common divisor of 98562443 and 133?
133
What is the highest common factor of 291283146 and 1617?
1617
Calculate the highest common divisor of 3039768 and 11988.
324
What is the greatest common factor of 4329864 and 288?
72
Calculate the highest common divisor of 51250075 and 75.
25
Calculate the greatest common factor of 1452721 and 53694.
2983
Calculate the highest common factor of 6667423 and 3724.
133
Calculate the highest common factor of 21217986 and 3.
3
What is the highest common factor of 5440474 and 338?
26
What is the greatest common divisor of 5176 and 1788736?
8
What is the greatest common factor of 257810 and 1123605?
1015
Calculate the greatest common factor of 14 and 310933371.
7
What is the highest common divisor of 453 and 628160?
151
Calculate the highest common divisor of 175033 and 3466.
1733
Calculate the greatest common factor of 7828 and 16383180.
412
What is the greatest common factor of 35143 and 2209033?
311
What is the highest common divisor of 1378 and 2971313878?
1378
What is the highest common factor of 45100512 and 64?
32
What is the highest common divisor of 1062 and 1976472?
18
Calculate the greatest common factor of 11574990 and 75810.
3990
What is the greatest common factor of 113 and 174240689?
113
What is the greatest common divisor of 3113543038 and 298?
298
Calculate the highest common divisor of 1966786 and 6704.
838
What is the greatest common factor of 7953 and 9724?
11
Calculate the greatest common divisor of 255304 and 329000.
2632
Calculate the greatest common factor of 136 and 1554845636.
68
Calculate the highest common divisor of 119 and 203164399.
17
What is the highest common divisor of 10696 and 23000984?
1528
Calculate the greatest common factor of 3163911 and 15.
3
What is the greatest common factor of 3366 and 1591863?
51
What is the greatest common divisor of 578 and 23962?
2
Calculate the highest common divisor of 203 and 2280154.
29
Calculate the greatest common divisor of 983262 and 6852.
3426
What is the highest common factor of 1801 and 192272959?
1801
Calculate the greatest common divisor of 87900 and 57975.
75
Calculate the highest common divisor of 11 and 63924025.
11
What is the greatest common divisor of 224 and 44811956?
28
Calculate the greatest common divisor of 980 and 23872996.
196
What is the highest common divisor of 162 and 162342?
18
Calculate the highest common divisor of 192 and 379212.
12
Calculate the greatest common factor of 199665331 and 2.
1
What is the highest common divisor of 41207652 and 8?
4
Calculate the greatest common divisor of 431514 and 427.
61
Calculate the highest common divisor of 36724328 and 1639.
149
Calculate the greatest common factor of 30715235 and 1265.
115
What is the greatest common factor of 80215 and 171476?
263
Calculate the highest common divisor of 4165368 and 29156.
788
What is the greatest common divisor of 500598826 and 14?
14
What is the highest common divisor of 57979 and 14707862?
1567
What is the greatest common factor of 5090 and 1596224?
1018
Calculate the greatest common factor of 913 and 647911.
11
What is the greatest common divisor of 549543 and 120?
3
What is the greatest common factor of 1512 and 5323752?
1512
Calculate the greatest common divisor of 28754864 and 368.
16
What is the greatest common factor of 523814 and 111677?
181
What is the highest common factor of 16386615 and 3465?
315
What is the highest common divisor of 1102213 and 2929?
101
What is the highest common factor of 53083 and 298531?
487
What is the greatest common divisor of 23170 and 851200?
70
What is the highest common divisor of 1125 and 807039?
9
Calculate the highest common factor of 32 and 687642144.
32
What is the highest common factor of 6744 and 1946206?
562
What is the greatest common factor of 404382 and 17424?
726
What is the greatest common divisor of 54434760 and 7440?
3720
Calculate the greatest common divisor of 764794 and 22352.
254
What is the highest common divisor of 595 and 19985370?
85
What is the greatest common divisor of 28759980 and 660?
60
Calculate the highest common factor of 10115 and 33077495.
1445
Calculate the highest common factor of 65067959 and 51.
17
What is the greatest common factor of 364977 and 1746432?
3411
What is the highest common divisor of 32 and 12689312?
32
Calculate the greatest common divisor of 186312255 and 58345.
8335
What is the highest common factor of 17 and 1263491?
17
Calculate the greatest common divisor of 13349 and 11620.
7
What is the greatest common divisor of 4 and 55000168?
4
Calculate the greatest common factor of 21153690 and 510.
30
What is the highest common factor of 669 and 13447569?
669
What is the highest common factor of 51356 and 395927?
347
Calculate the highest common factor of 36 and 48762747.
9
What is the greatest common factor of 44487 and 5832?
9
What is the highest common divisor of 7319 and 7418651?
563
Calculate the highest common factor of 504125 and 250.
125
What is the greatest common divisor of 174696 and 7032?
24
What is the highest common divisor of 66378 and 536744?
26
What is the highest common divisor of 41840 and 39714005?
2615
What is the greatest common factor of 629161 and 65?
13
What is the greatest common factor of 821066 and 6109?
41
What is the highest common factor of 25027700 and 22592?
1412
Calculate the greatest common divisor of 425 and 44901675.
425
What is the greatest common factor of 33899060 and 57840?
4820
Calculate the highest common divisor of 95 and 1886092.
19
What is the greatest common divisor of 15306566 and 22?
22
What is the greatest common divisor of 263925 and 2692800?
3825
What is the highest common factor of 714093 and 51?
3
What is the greatest common factor of 271628 and 476?
28
Calculate the highest common factor of 96 and 71538792.
24
What is the highest common divisor of 14125 and 148821?
113
What is the greatest common factor of 5786 and 114?
2
Calculate the greatest common divisor of 3492758 and 2336.
146
What is the highest common factor of 165682100 and 488?
244
What is the highest common factor of 602 and 2335298?
14
Calculate the greatest common factor of 120854432 and 412.
412
What is the highest common divisor of 25256 and 4513784?
88
Calculate the highest common divisor of 2489280 and 4160.
320
What is the greatest common factor of 34128 and 52488?
216
What is the highest common factor of 93 and 869814?
3
Calculate the greatest common divisor of 12532 and 300092.
52
Calculate the highest common divisor of 110773 and 2808.
13
What is the greatest common divisor of 98115664 and 8?
8
What is the highest common factor of 7215468 and 299?
299
Calculate the highest common factor of 2164763 and 116.
29
What is the greatest common divisor of 1386 and 105574?
14
What is the highest common divisor of 2576 and 757942?
46
Calculate the highest common factor of 469680 and 214080.
240
What is the greatest common divisor of 1364344 and 42850?
1714
Calculate the highest common divisor of 23131884 and 603.
201
Calculate the highest common factor of 194208 and 52968.
24
Calculate the highest common divisor of 2511 and 6039.
9
What is the highest common divisor of 79137945 and 60?
15
What is the highest common factor of 27715 and 5635?
115
What is the highest common divisor of 495419 and 6383?
491
Calculate the greatest common factor of 108 and 60446268.
36
Calculate the highest common divisor of 2110003 and 350.
7
Calculate the highest common factor of 145651 and 6941.
11
Calculate the greatest common factor of 11307224 and 16.
8
Calculate the greatest common factor of 483 and 66125782.
23
Calculate the greatest common factor of 1735533 and 15039.
27
Calculate the highest common factor of 152 and 7812344.
152
Calculate the highest common factor of 11541777 and 1287.
39
What is the greatest common factor of 39487464 and 